/1)/(3/3). Let k(g) = -g - 13. Let l be k(x). List the prime factors of 13*-4*2/l.
2, 13
Suppose 3*m + 96 = 4*m - 4*z, -5*m = -z - 518. Suppose -p = k - m, -3 = k - 7. List the prime factors of p.
2, 5
Let v = 241 - 65. What are the prime factors of ((-33)/4)/((-12)/v)?
11
Let k = 853 - 526. What are the prime factors of k?
3, 109
Let a = -8 + 3. Let j = -1 - a. Suppose 0 = -5*m + 20, -44 = -q - q - j*m. What are the prime factors of q?
2, 7
Let a = 423 - 419. What are the prime factors of a?
2
Let x be (-7)/(-4) + (-2)/(-8). Let k(g) be the first derivative of g**4/4 + g**3/3 - 3*g**2/2 + 2*g - 58. List the prime factors of k(x).
2
Suppose t - 5*k + 2 = 0, -k + 42 = 6*t - t. Suppose -22 = -3*n + t. List the prime factors of n/3 - (-8)/(-6).
2
Let y(r) = -4*r + 14. Let v be y(6). Let h(x) = -12*x + 6. Let c be h(-8). List the prime factors of (-5)/v + c/4.
2, 13
Let s(p) = -23*p - 1. Let l(v) = -v**3 - 7*v**2 - 5*v + 5. Let h be (1 + 11)*(-3)/6. Let a be l(h). List the prime factors of s(a).
2, 11
What are the prime factors of 1/(-3) + 15360/18?
853
Let n = 280 + 203. List the prime factors of n.
3, 7, 23
Let w(u) = -u**3 + 5*u**2 - u + 2. Let r be w(5). Let b(j) = 10*j**2 + 3*j. What are the prime factors of b(r)?
3
Let h(j) = -j**3 + 2*j**2 + 3. Let z be ((-2)/8)/(11/(-132)). Let u be h(z). List the prime factors of (-45)/6*u/9.
5
Suppose 5*l = 6*l - 305. What are the prime factors of l?
5, 61
Suppose g = 5*d + 548, -2*d = -4*d + 6. What are the prime factors of g?
563
Suppose -u = -3*b + 35, -35 = -5*b + 3*u + 30. List the prime factors of (1926/b)/3 - (-12)/(-60).
2
Let g be 12 - (-1)/(2 - 25/15). Suppose -3*h - 2*a = -70, 2*h = 4*a + 51 + 1. Let c = h - g. What are the prime factors of c?
3
List the prime factors of (11571/(-6) - 1)/(111/(-222)).
17, 227
Let z(m) = m**2 + 16*m + 28. Let f be z(-14). Suppose 4*h = -2*b + 52, f*h - 4*b + 29 = 3*h. What are the prime factors of h?
3, 5
Let c = 1536 + -446. What are the prime factors of c?
2, 5, 109
Suppose -5*f + y - 5*y = -26, -4*f - 4*y = -24. What are the prime factors of -214*(f/(-4) + (10 - 10))?
107
Suppose -14*v - 14*v = -10*v. Suppose 5*u = 4*j - 0*j + 91, v = -3*u - 3*j + 33. What are the prime factors of u?
3, 5
What are the prime factors of (-1 - (-11)/3)*2508/8?
2, 11, 19
Let y be (37 - (-6)/3)*2. Let j = y + -40. What are the prime factors of j?
2, 19
What are the prime factors of 0 - -3 - (64/(-8) + -2777)?
2, 17, 41
Let p = 288 + 690. List the prime factors of p.
2, 3, 163
Let w be 12/16 - (-75)/12. Let o = w - 14. Let h = 13 - o. What are the prime factors of h?
2, 5
Suppose 6*v - 16 = 2. Suppose -2*k + v*k - 28 = 0. What are the prime factors of k?
2, 7
List the prime factors of 1316/6 - (-1 - (-1)/3).
2, 5, 11
Suppose -6*d = -3*d - 12. Suppose 4*k - d = 36. List the prime factors of ((-15)/k)/(9/(-66)).
11
Suppose 8*w = 3*w + 5. Let x be (11 - 9)/(w/2). Let s = x + -2. What are the prime factors of s?
2
Suppose 5*i + 15 = 0, 0*z + 5*z - i - 1443 = 0. List the prime factors of z.
2, 3
Let i(g) = g**2 + 8*g - 2. Let b be i(-8). What are the prime factors of (-135)/b - 15/(-10)?
3, 23
Let y(l) = -l - 3. Suppose 0 = 5*n - 0*n + 15. Let w be y(n). What are the prime factors of 31 + -1 + w + -1?
29
Let o(k) = k**2 + 5*k + 3. Let r be o(-6). Let l(t) = -2*t**2 - 9*t - 2. Let q(u) = -u**2 - 9*u - 3. Let c(b) = 2*l(b) - 3*q(b). List the prime factors of c(r).
5
What are the prime factors of (6840/(-80))/((-6)/112)?
2, 3, 7, 19
Suppose 0 = 3*j - 5*t + 20, -2*t + 4 = -j - t. Suppose f = -j*f + 23. List the prime factors of f.
23
What are the prime factors of 103710/230 + -8 - (-4)/46?
443
Suppose 5*h - 3*h = h. Suppose -o + 3*p = -h*p - 206, -2*o = p - 412. What are the prime factors of o?
2, 103
Let m be 5*(1 - 2 - -5). Let v be (21/14)/(2/m). List the prime factors of 4/6 - (-905)/v.
61
Let c(a) = -a**2 + 8*a - 7. Let w be c(7). Suppose -y = 2*y + 4*d - 14, w = 5*y - 3*d - 62. What are the prime factors of (185/y)/((-3)/(-6))?
37
Let n = 1106 - 422. What are the prime factors of n?
2, 3, 19
Suppose 2*x - 20 = -5*n, 0*x = -2*x. Suppose -n*t + 349 = -195. List the prime factors of t.
2, 17
Let z(k) = 27*k + 1297. List the prime factors of z(55).
2, 13, 107
Let l be (-4)/(8/(-4)) + 154. Suppose -64 = -m - 5*r, -m + 4*m - l = -3*r. List the prime factors of m.
7
Suppose 2*o = 3*p - 96, -7*o + 4*p - 48 = -6*o. Let a = 19 - o. List the prime factors of a.
67
Let p = -893 + 1255. List the prime factors of p.
2, 181
Let q be 5 + -2 + 2 + 2. Let o(u) = u**3 - 6*u**2 - 9*u + 8. Let c be o(q). Let z(g) = -8*g - 7. What are the prime factors of z(c)?
41
Let g be 230/15 - (-2)/3. Suppose 3*o - 2*o - 4*x - 23 = 0, 3*x - g = -o. List the prime factors of o.
19
Let l be ((-34)/(-6) - (-4)/(-6))*1. Suppose -32 = -n - l*k + 36, -n - 2*k = -65. What are the prime factors of n?
3, 7
Let i = -300 - -927. What are the prime factors of i?
3, 11, 19
Suppose -f - u = -465, -u = 2*f - 7*f + 2313. What are the prime factors of f?
463
Let u(c) = 9 + 7 - 2 - c + 0. Let f be u(6). Suppose -5*d + f = -67. What are the prime factors of d?
3, 5
Let z(s) = s**2 + 13*s - 11. Let y be z(-11). Let j = -27 - y. List the prime factors of j.
2, 3
Suppose -10 = n + 3*i, 0*n + 2*i - 26 = 4*n. List the prime factors of 148*n/(-28) + 0 + 2.
3, 13
Let l be -2 - 3/((-15)/(-40)). Let y(k) = k**2 + 9*k - 8. What are the prime factors of y(l)?
2
Let q = -971 + 1095. List the prime factors of q.
2, 31
Suppose 7*h - 2*t + 350 = 10*h, 2*t = 8. List the prime factors of h.
2, 3, 19
Suppose o + 2*r - 1689 = 0, -3*r - 12 = r. List the prime factors of o.
3, 5, 113
Let p be (-13)/5 - 3/(-5). What are the prime factors of 4/p - (-17 - 2)?
17
Suppose -2 = a, -3*f + 16 = 2*a + 2. Suppose 0 = f*o - 7*o + 2. Suppose 0*t - 40 = -2*t + o*g, -5 = -g. What are the prime factors of t?
5
Let p(n) = 7*n**2 - 7*n + 13. Let c be p(7). Let d = c - 167. What are the prime factors of (-28)/16*d/(-5)?
7
Let l(m) = -m**3 + 27*m**2 - 5*m - 36. What are the prime factors of l(26)?
2, 3, 5, 17
Suppose 5*b - 11 - 14 = 0. Suppose -b*p + 155 = 2*h, 15 + 10 = 5*p. What are the prime factors of h?
5, 13
Suppose -7 + 97 = 5*k. Let a be 68/(-24) - 3/k. Let f(d) = 2*d**2 - 2*d + 2. List the prime factors of f(a).
2, 13
Suppose 3*h + 4*p - 18 = p, -5*h + 27 = 4*p. Let n(c) = -c**2 - 5 + h + 11*c**2 - 2*c**2. List the prime factors of n(2).
2, 3, 5
Suppose 1036 = 2*d - 5*n, -4*d + 5*n + 927 + 1145 = 0. What are the prime factors of d?
2, 7, 37
Let k be 5/10*(-3)/9*0. Suppose 5*v + 3*q = -k*v + 1069, -q = -4*v + 862. List the prime factors of v.
5, 43
Let r = 3726 - 232. What are the prime factors of r?
2, 1747
List the prime factors of (-1 + -1871)/(-14 + 75/6).
2, 3, 13
Suppose -3*p + 2*t - 5 = 0, p + 0*t + 19 = 5*t. Let z = p + 21. What are the prime factors of z?
2, 11
What are the prime factors of -5 + -2 + (2 - (3 - 3501))?
7, 499
Suppose 2072 = 25*r - 18*r. List the prime factors of r.
2, 37
Suppose -3*x + g + 137 = 0, 5*x - 4*g - 233 = -0*g. Suppose 80 = -18*b + 116. Let r = x - b. What are the prime factors of r?
43
Let g(b) = -2*b**2 + b - 1. Let v be g(1). List the prime factors of ((-1264)/(-56))/(v/(-14)).
2, 79
Let j(h) be the second derivative of -1/12*h**4 + 0 + 7/2*h**2 + 6*h + 2*h**3. What are the prime factors of j(7)?
2, 3, 7
Let i(m) = 4 - 3*m**3 - 10*m**2 + 2*m**3 - 3*m + 3 + 8*m. List the prime factors of i(-11).
73
Suppose 5*u + 1 + 24 = -2*b, -3*u - 43 = 4*b. Let y be 10/3*(-13 - b). Let k = y - -29. List the prime factors of k.
19
What are the prime factors of 239/(7 + 0 + -6)?
239
Suppose 84*x = 71*x + 3601. What are the prime factors of x?
277
Let p(m) = 4*m**2 + 2*m + 4*m**2 - 3*m**2 + m**3. Let l be p(-5). What are the prime factors of ((-8)/l)/(4/90)?
2, 3
Let l(p) = p**2 - 3*p + 454. Let r be l(0). Suppose 1414 - r = 12*z. List the prime factors of z.
2, 5
Let d = 714 + -153. What are the prime factors of d?
3, 11, 17
Let h(w) = 48*w**3 + 7*w**2 - 16*w - 3. Let v(g) = 32*g**3 + 5*g**2 - 11*g - 2. Let i(s) = -5*h(s) + 7*v(s). List the prime factors of i(-2).
3, 41
List the prime factors of (19 - -5)*462/8.
2, 3, 7, 11
Let n = 5 + -14. Let k(x) = x**3 + 14*x**2 - 15*x + 8. Let d be k(-15). Let f = d - n. What are the prime factors of f